k + 159. List the prime factors of (2/4)/(2/v).
13
Let u be (3 - 2)*0 + 2. Suppose u*b + 5*i = 23, b + 2*b - i = 43. List the prime factors of b.
2, 7
Let t(j) = j**3 - 6*j**2 + 8*j - 4. What are the prime factors of t(5)?
11
Let q(z) = -z**3 + 8*z**2 - 6*z - 5. Let l be q(7). Suppose -5*m - 7 = -2*r - 31, 3*r - l = -2*m. What are the prime factors of m?
2
Let s be 1392/20 + (-4)/(-10). Let i = -45 + s. List the prime factors of i.
5
Suppose 3*f - 21 - 15 = 0. Suppose 0 = 3*v - 3 - f. Suppose -2*g + 29 = -v*t, t = 2*t - 1. List the prime factors of g.
17
Suppose -5*o + 1280 = -5*p, 4*p + 603 = 5*o - 672. What are the prime factors of o?
251
Let g = 9 + -5. Suppose 3*k + 19 = 5*i + 79, 2*i + 81 = 5*k. Suppose -g*q - 5*f + k = q, -5*q - f + 11 = 0. What are the prime factors of q?
2
Let b(u) = u**3 - 3*u**2 - 5*u - 5. Let v be b(5). Let r = v + -32. Let i = -2 - r. What are the prime factors of i?
2, 5
Let p be 4/(-1)*(2 - 1). Let w(x) = -5 + 2*x + 2*x**2 + 2*x + 0*x. List the prime factors of w(p).
11
Suppose 0*c + 5 = 5*c. Let r be (-10)/(0 + -3 + c). Suppose r*k - 1 = -q, -3*q + 3*k + 14 + 7 = 0. What are the prime factors of q?
2, 3
Suppose 6 = u + 3. Suppose 6 = i + u*s, 2*s = -i + 5*i - 80. List the prime factors of 12/(-54) + 58/i.
3
Suppose 20 = -3*p + 62. Let a = 23 - p. List the prime factors of a.
3
Suppose -2*o + 5*p - 19 = -4*o, 5*o - 2*p = 120. List the prime factors of o.
2, 11
Suppose 5*m = m + 100. Suppose -m = -10*v + 5*v. Suppose -25 = -3*i + v. List the prime factors of i.
2, 5
Let d(y) = 9*y**2 - 2*y - 1. Let p be d(-1). Suppose -3*b = 4*v - p, b - v + 1 = 2. List the prime factors of (-1)/(-2)*52/b.
13
Suppose 2*t + t = 270. Suppose 3*y + t = -3*h, 0 = -5*h + y - 105 - 39. Let s = 44 + h. What are the prime factors of s?
3, 5
Let v(y) = y**2 - 6*y + 2. Let t be v(3). What are the prime factors of 2/(-4) + t/(-2)?
3
Suppose -2*g + 7*g - 416 = -3*p, 0 = 4*g + 20. What are the prime factors of p?
3, 7
Suppose x = -0 + 84. List the prime factors of x.
2, 3, 7
Let i = -3 + 3. Let x = 12 + i. What are the prime factors of x?
2, 3
Suppose -5*x + 2*x = -12. Suppose 18 = x*g - 2. List the prime factors of g.
5
Let w be (1 - 0)*(23 + -11). List the prime factors of 3/w + 249/12.
3, 7
Suppose 3*k + 5 = -7, 2*k = 2*c - 198. List the prime factors of c.
5, 19
Let r = 6 - 8. List the prime factors of (6/9)/(r/(-39)).
13
Suppose -2*w = -6*w + 132. What are the prime factors of w?
3, 11
Let a be (-34)/(-8) - 3/12. Suppose 5*d - 5*g = 30, -g = 3*d - 18 + 8. Suppose -d*s + 65 = -3*m, 3*s - 4*m + 21 = a*s. List the prime factors of s.
17
Let d = 29 - 12. Let f = d - 24. Let a = f + 22. What are the prime factors of a?
3, 5
Let k(p) = -p**3 + 21*p**2 - 18*p - 23. What are the prime factors of k(20)?
17
Let z(i) = 8*i**2 - 2*i - 2. List the prime factors of z(3).
2
Suppose -394 = -3*h - 5*r, -2*h + 3*h - 130 = -2*r. What are the prime factors of h?
2, 3, 23
Suppose -3*n - 13 - 11 = 0. Let h = n - -13. What are the prime factors of h?
5
Suppose 0*g + 2*g - 26 = 0. Let k = g - 1. What are the prime factors of k?
2, 3
Suppose 4*h - v = 316, h - 5*v - 395 = -4*h. What are the prime factors of h?
79
Let k = -28 - -15. Suppose -4*b - 6 = -2*b. Let g = b - k. What are the prime factors of g?
2, 5
Let u(n) = -8*n - 9. List the prime factors of u(-7).
47
Let s(j) = -j**3 + 7*j**2 - 5*j - 4. What are the prime factors of s(4)?
2, 3
What are the prime factors of 10/15*1197/6?
7, 19
Let d = 41 + 60. What are the prime factors of d?
101
Let p be -10 - (-4)/(-8)*2. Let h(z) = -2*z + 7. List the prime factors of h(p).
29
Let m be (-445)/(-4) + (-3)/(-4). Suppose m = 6*x - 2*x. List the prime factors of x.
2, 7
Let j be (-1)/(3/45*1). Let v be ((-4)/10)/(6/j). What are the prime factors of v*(1 - (3 - 5))?
3
Let n(z) = -2*z**3 + 3*z + 1. Suppose -2*o + 11 = 1. Suppose 4*u + s + 5 = -0*u, -o*s + 7 = 4*u. List the prime factors of n(u).
11
Let q(o) be the third derivative of o**5/60 + 13*o**4/24 - 5*o**3/3 + 2*o**2. List the prime factors of q(-14).
2
Suppose 7 + 2 = 3*k. Suppose k*b + 15 = 0, 4*g - b = 3*b + 128. Let q = -18 + g. What are the prime factors of q?
3
Let a = 12 - 12. Suppose 3*c + 2*c - 55 = a. What are the prime factors of c?
11
Let d(q) = 10 + 6*q + 3*q + q**2 - q. List the prime factors of d(-7).
3
Let o(y) = y**3 + 15*y**2 - y + 14. List the prime factors of o(-15).
29
Let b = -5 + -10. Let c be (7/14)/((-1)/4). Let k = c - b. List the prime factors of k.
13
Let c be (-7)/(-28) - 19/(-4). Suppose -c*s + 2*s + 111 = -3*u, s - 4*u = 46. What are the prime factors of s?
2, 17
Suppose 0 = -0*w + 4*w - 4. Let h(s) = -7*s - w + s - 1. What are the prime factors of h(-2)?
2, 5
Let t be 3/6*6 - 1. Suppose 3*n = -b - 7 + 27, t*n - 5 = b. List the prime factors of n.
5
Let i = -41 - -79. What are the prime factors of i?
2, 19
Let k(r) = -r + 2. Let a be k(-3). Suppose 5*y - 3*b = b + 107, a*b + 72 = 3*y. List the prime factors of y.
19
Suppose -2*o + 3*j - 4569 = 3*o, -5*o - 4563 = -j. Let d be o/(-42) - (-2)/7. Let n = d - 16. What are the prime factors of n?
2, 3
Let t(m) = 2*m - 4. List the prime factors of t(15).
2, 13
Let x(v) = -v**2 - 8*v. Let k be x(-8). Suppose 7*o - 2*o - 25 = k. Suppose 20 = o*s - 40. List the prime factors of s.
2, 3
Suppose -z = z - 66. List the prime factors of z.
3, 11
Suppose 4 = -2*y - 4. Let u be 78/8 - 1/y. Suppose -u + 0 = -2*o. List the prime factors of o.
5
Suppose -1 = 5*d + 39. Let f = 11 + d. Suppose 5*u - 12 = -g, f*u - 4*u = -1. List the prime factors of g.
7
Suppose -9 = 4*o - l - 4, 5*l + 15 = 0. Let w be (o/(-4))/(2/12). Suppose -2*c = -w*c + 9. What are the prime factors of c?
3
Suppose -580 = c - 5*c. Let k be 1/(-6) + c/(-30). Let a(m) = -3*m - 3. List the prime factors of a(k).
2, 3
Suppose 0 = 7*g - 2*g - 15. Let y be (14/g)/(2/3). Suppose 2*f + 2*d - y*d + 9 = 0, -f + 3*d - 6 = 0. What are the prime factors of f?
3
Let j(c) = 6*c - 10. Let u be j(10). Suppose -4*m = -h + 30, -5*h - 3*m = 2*m - u. List the prime factors of h.
2, 7
Let x(o) = o**2 + 16*o - 12. What are the prime factors of x(-26)?
2, 31
Let q(a) = -a**2 - 7*a - 6. Let i be q(-7). Let n = i + 9. Let f = 13 - n. List the prime factors of f.
2, 5
Suppose -r + 252 = 40. What are the prime factors of r?
2, 53
Let z(h) = -h**3 + 9*h**2 + 5*h - 2. List the prime factors of z(9).
43
Let t = -21 + 81. List the prime factors of t.
2, 3, 5
Let z(c) = -c**2 - 8*c - 7. Let n be z(-5). Let p be (-2)/n + 190/(-8). Let y = -14 - p. List the prime factors of y.
2, 5
Let n(r) = -6*r - 1. Let f be n(-2). Suppose -k = -s - 1, -s = -2*s + 3*k - f. Suppose -s*p + 15 = 3. What are the prime factors of p?
3
Suppose 2*g - 34 = 6. List the prime factors of 85/g - 1/4.
2
Suppose 4*z - 3*i - 126 = -z, 75 = 3*z - 2*i. What are the prime factors of 4/(-10) + z/5?
5
Let n(o) = -18*o + 8. List the prime factors of n(-7).
2, 67
Let g = 325 - 130. What are the prime factors of g?
3, 5, 13
List the prime factors of (988/95)/(1/20).
2, 13
List the prime factors of 1/6 + 15/18 - -185.
2, 3, 31
Let x(a) = -a**2 - 2*a + 5. Let n be x(-4). Let i = -11 + n. List the prime factors of (7 - 0)*(-12)/i.
2, 3
Suppose 8*g + 41 = 9*g. What are the prime factors of g?
41
Suppose 7*q = -382 + 970. List the prime factors of q.
2, 3, 7
Suppose 0 = 5*z - 4*x - 4, 0*x = 5*z + 3*x - 32. Suppose 0 = -19*r + 21*r - 12. Suppose 14 = -z*v + r*v. What are the prime factors of v?
7
Suppose 13*c - 3006 + 887 = 0. List the prime factors of c.
163
Let r = 4 + -2. Suppose 3*y = -r*y + 120. Suppose 2*x - 6 - y = 0. What are the prime factors of x?
3, 5
Let w be (-3)/(3 + (-5)/2). Let m = 8 + w. List the prime factors of m.
2
Let z(l) = -3. Let g(i) = i + 3. Let p(d) = 5*g(d) + 6*z(d). Let y be p(4). Suppose -4*t + 23 = -y. List the prime factors of t.
2, 5
Let g(j) = -2*j**2 - 4*j - 3. Let f be g(-2). Let p(l) = 3*l**2 + 3*l - 1. List the prime factors of p(f).
17
Let i = -111 + 389. What are the prime factors of i?
2, 139
Let b(h) = h**3 - 3*h**2 - h. Let z = -7 - -7. Suppose z = 5*t - 2*l - 14, 4*t = 2*l + 5 + 5. List the prime factors of b(t).
2, 3
Suppose 2*m + 2*p - p = 9, -5*m + 30 = p. List the prime factors of m + 0 + (0 - -2).
3
Let t be (1/2)/(2/4). Let f = t - -31. List the prime facto